{"id":7435,"date":"2023-08-03T09:15:54","date_gmt":"2023-08-03T09:15:54","guid":{"rendered":"https:\/\/turismo-sj.developersasapglobalsolution.com\/sant-antoni-del-porquet\/"},"modified":"2023-09-20T07:49:11","modified_gmt":"2023-09-20T07:49:11","slug":"sant-antoni-del-porquet","status":"publish","type":"page","link":"https:\/\/turismosantjoan.es\/ca\/sant-antoni-del-porquet\/","title":{"rendered":"Sant Antoni del Porquet"},"content":{"rendered":"\t\t<div data-elementor-type=\"wp-page\" data-elementor-id=\"7435\" class=\"elementor elementor-7435 elementor-4019\" data-elementor-post-type=\"page\">\n\t\t\t\t\t\t<section class=\"elementor-section elementor-top-section elementor-element elementor-element-16c510ab elementor-section-boxed elementor-section-height-default elementor-section-height-default\" data-id=\"16c510ab\" data-element_type=\"section\" data-e-type=\"section\" data-settings=\"{&quot;shape_divider_top&quot;:&quot;mountains&quot;,&quot;background_background&quot;:&quot;classic&quot;}\">\n\t\t\t\t\t<div class=\"elementor-shape elementor-shape-top\" aria-hidden=\"true\" data-negative=\"false\">\n\t\t\t<svg xmlns=\"http:\/\/www.w3.org\/2000\/svg\" viewBox=\"0 0 1000 100\" preserveAspectRatio=\"none\">\n\t<path class=\"elementor-shape-fill\" opacity=\"0.33\" d=\"M473,67.3c-203.9,88.3-263.1-34-320.3,0C66,119.1,0,59.7,0,59.7V0h1000v59.7 c0,0-62.1,26.1-94.9,29.3c-32.8,3.3-62.8-12.3-75.8-22.1C806,49.6,745.3,8.7,694.9,4.7S492.4,59,473,67.3z\"\/>\n\t<path class=\"elementor-shape-fill\" opacity=\"0.66\" d=\"M734,67.3c-45.5,0-77.2-23.2-129.1-39.1c-28.6-8.7-150.3-10.1-254,39.1 s-91.7-34.4-149.2,0C115.7,118.3,0,39.8,0,39.8V0h1000v36.5c0,0-28.2-18.5-92.1-18.5C810.2,18.1,775.7,67.3,734,67.3z\"\/>\n\t<path class=\"elementor-shape-fill\" d=\"M766.1,28.9c-200-57.5-266,65.5-395.1,19.5C242,1.8,242,5.4,184.8,20.6C128,35.8,132.3,44.9,89.9,52.5C28.6,63.7,0,0,0,0 h1000c0,0-9.9,40.9-83.6,48.1S829.6,47,766.1,28.9z\"\/>\n<\/svg>\t\t<\/div>\n\t\t\t\t\t<div class=\"elementor-container elementor-column-gap-no\">\n\t\t\t\t\t<div class=\"elementor-column elementor-col-100 elementor-top-column elementor-element elementor-element-7bfbc399\" data-id=\"7bfbc399\" data-element_type=\"column\" data-e-type=\"column\">\n\t\t\t<div class=\"elementor-widget-wrap elementor-element-populated\">\n\t\t\t\t\t\t<div class=\"elementor-element elementor-element-78432d6e elementor-widget elementor-widget-heading\" data-id=\"78432d6e\" data-element_type=\"widget\" data-e-type=\"widget\" data-widget_type=\"heading.default\">\n\t\t\t\t<div class=\"elementor-widget-container\">\n\t\t\t\t\t<h1 class=\"elementor-heading-title elementor-size-xxl\">Sant Antoni del Porquet<\/h1>\t\t\t\t<\/div>\n\t\t\t\t<\/div>\n\t\t\t\t\t<\/div>\n\t\t<\/div>\n\t\t\t\t\t<\/div>\n\t\t<\/section>\n\t\t\t\t<section class=\"elementor-section elementor-top-section elementor-element elementor-element-eb1bb4b elementor-section-boxed elementor-section-height-default elementor-section-height-default\" data-id=\"eb1bb4b\" data-element_type=\"section\" data-e-type=\"section\">\n\t\t\t\t\t\t<div class=\"elementor-container elementor-column-gap-default\">\n\t\t\t\t\t<div class=\"elementor-column elementor-col-100 elementor-top-column elementor-element elementor-element-6048f829\" data-id=\"6048f829\" data-element_type=\"column\" data-e-type=\"column\">\n\t\t\t<div class=\"elementor-widget-wrap elementor-element-populated\">\n\t\t\t\t\t\t<div class=\"elementor-element elementor-element-62f433c3 elementor-widget elementor-widget-text-editor\" data-id=\"62f433c3\" data-element_type=\"widget\" data-e-type=\"widget\" data-widget_type=\"text-editor.default\">\n\t\t\t\t<div class=\"elementor-widget-container\">\n\t\t\t\t\t\t\t\t\t<p align=\"JUSTIFY\">\u00c9s una de les festes m\u00e9s celebrades a la Comunitat Valenciana. Sant Antoni va ser un sant del segle III conegut per la seua vida asc\u00e8tica en el desert d&#8217;Egipte, la vida del qual coneixem pel cronista Atanasio. La seua devoci\u00f3 va comen\u00e7ar a Orient per\u00f2 es va traslladar fins a Occident, sent invocat com a protector de les tasques agr\u00edcoles i dels animals perqu\u00e8 es compta, que els cuidava i aquests li obe\u00efen, motiu pel qual se&#8217;l representa a m\u00e9s d&#8217;amb b\u00e0cul, vestimenta t\u00edpica d&#8217;asceta i la creu de la Tau, amb un cerdito o senglar als seus peus. A Sant Antoni se&#8217;l va con\u00e9ixer tamb\u00e9 pel seu poder guaridor contra malalties com l&#8217;erisipela, per a aix\u00f2 es van construir nombrosos hospitals sota la seua advocaci\u00f3 en tota Europa al llarg de l&#8217;Edat mitjana.<\/p><p align=\"JUSTIFY\">A Sant Joan una dels carrers del barri antic, sorgida possiblement cap al segle XVIII va ser dedicada a Sant Antoni, sense que sapiem exactament el motiu, per\u00f2 aix\u00f2 reflecteix una especial devoci\u00f3 per ell. A l&#8217;entrada del carrer va existir un arc, en el qual probablement hi hauria una forn\u00edcula amb la imatge de Sant Antoni. De fet fins als anys 90, es va poder apreciar una xicoteta imatge del sant en una forn\u00edcula d&#8217;una casa hui derrocada.<\/p>\t\t\t\t\t\t\t\t<\/div>\n\t\t\t\t<\/div>\n\t\t\t\t<section class=\"elementor-section elementor-inner-section elementor-element elementor-element-5d8fbeb elementor-section-boxed elementor-section-height-default elementor-section-height-default\" data-id=\"5d8fbeb\" data-element_type=\"section\" data-e-type=\"section\">\n\t\t\t\t\t\t<div class=\"elementor-container elementor-column-gap-default\">\n\t\t\t\t\t<div class=\"elementor-column elementor-col-50 elementor-inner-column elementor-element elementor-element-791de23\" data-id=\"791de23\" data-element_type=\"column\" data-e-type=\"column\">\n\t\t\t<div class=\"elementor-widget-wrap elementor-element-populated\">\n\t\t\t\t\t\t<div class=\"elementor-element elementor-element-44d5db3 elementor-widget elementor-widget-image\" data-id=\"44d5db3\" data-element_type=\"widget\" data-e-type=\"widget\" data-widget_type=\"image.default\">\n\t\t\t\t<div class=\"elementor-widget-container\">\n\t\t\t\t\t\t\t\t\t\t\t\t\t\t\t<img fetchpriority=\"high\" decoding=\"async\" width=\"652\" height=\"435\" src=\"https:\/\/turismosantjoan.es\/wp-content\/uploads\/2023\/08\/San-Antoni-del-Porquet-4.jpg\" class=\"attachment-large size-large wp-image-4025\" alt=\"\" srcset=\"https:\/\/turismosantjoan.es\/wp-content\/uploads\/2023\/08\/San-Antoni-del-Porquet-4.jpg 652w, https:\/\/turismosantjoan.es\/wp-content\/uploads\/2023\/08\/San-Antoni-del-Porquet-4-300x200.jpg 300w\" sizes=\"(max-width: 652px) 100vw, 652px\" \/>\t\t\t\t\t\t\t\t\t\t\t\t\t\t\t<\/div>\n\t\t\t\t<\/div>\n\t\t\t\t\t<\/div>\n\t\t<\/div>\n\t\t\t\t<div class=\"elementor-column elementor-col-50 elementor-inner-column elementor-element elementor-element-60bf854\" data-id=\"60bf854\" data-element_type=\"column\" data-e-type=\"column\">\n\t\t\t<div class=\"elementor-widget-wrap elementor-element-populated\">\n\t\t\t\t\t\t<div class=\"elementor-element elementor-element-a776f9a elementor-widget elementor-widget-image\" data-id=\"a776f9a\" data-element_type=\"widget\" data-e-type=\"widget\" data-widget_type=\"image.default\">\n\t\t\t\t<div class=\"elementor-widget-container\">\n\t\t\t\t\t\t\t\t\t\t\t\t\t\t\t<img decoding=\"async\" width=\"652\" height=\"435\" src=\"https:\/\/turismosantjoan.es\/wp-content\/uploads\/2023\/08\/San-Antoni-del-Porquet-2.jpg\" class=\"attachment-large size-large wp-image-4022\" alt=\"\" srcset=\"https:\/\/turismosantjoan.es\/wp-content\/uploads\/2023\/08\/San-Antoni-del-Porquet-2.jpg 652w, https:\/\/turismosantjoan.es\/wp-content\/uploads\/2023\/08\/San-Antoni-del-Porquet-2-300x200.jpg 300w\" sizes=\"(max-width: 652px) 100vw, 652px\" \/>\t\t\t\t\t\t\t\t\t\t\t\t\t\t\t<\/div>\n\t\t\t\t<\/div>\n\t\t\t\t\t<\/div>\n\t\t<\/div>\n\t\t\t\t\t<\/div>\n\t\t<\/section>\n\t\t\t\t<div class=\"elementor-element elementor-element-8656993 elementor-widget elementor-widget-text-editor\" data-id=\"8656993\" data-element_type=\"widget\" data-e-type=\"widget\" data-widget_type=\"text-editor.default\">\n\t\t\t\t<div class=\"elementor-widget-container\">\n\t\t\t\t\t\t\t\t\t<p>Cercaviles amb animals en la festa Sant Antoni del Porquet (Sant Joan d&#8217;Alacant)<\/p>\t\t\t\t\t\t\t\t<\/div>\n\t\t\t\t<\/div>\n\t\t\t\t<div class=\"elementor-element elementor-element-2db9609 elementor-widget elementor-widget-text-editor\" data-id=\"2db9609\" data-element_type=\"widget\" data-e-type=\"widget\" data-widget_type=\"text-editor.default\">\n\t\t\t\t<div class=\"elementor-widget-container\">\n\t\t\t\t\t\t\t\t\t<p>El major per\u00edode d&#8217;auge i esplendor de la festa es va produir en el segle XIX, quan al carrer Sant Antoni se celebrava la festa amb carreres de cavalls, balls t\u00edpics, focs artificials, menjar de germanor i process\u00f3 al sant. No obstant aix\u00f2 en els anys 20 del passat segle aquesta tradici\u00f3, va desapar\u00e9ixer.<\/p><p>Recentment ha sigut recuperada per iniciativa dels ve\u00efns del carrer Sant Antoni i l&#8217;associaci\u00f3 cultural \u00abEls Amuntegats\u00bb d&#8217;una manera senzilla i simp\u00e0tica. Durant tot el cap de setmana, se celebren activitats diverses, exposicions, trobada cultural, correfocs, pilota valenciana, m\u00fasica i balls tradicionals. Es realitza la benedicci\u00f3 d&#8217;animals a l&#8217;Esgl\u00e9sia, el diumenge anterior o seg\u00fcent al 17 de gener, dia del sant. Tots els que ho desitgen poden acudir amb els seus animals i acabada la missa, s\u00f3n bene\u00efts davant la mirada de la imatge de Sant Antoni.<\/p>\t\t\t\t\t\t\t\t<\/div>\n\t\t\t\t<\/div>\n\t\t\t\t<div class=\"elementor-element elementor-element-33ce38e elementor-widget elementor-widget-image\" data-id=\"33ce38e\" data-element_type=\"widget\" data-e-type=\"widget\" data-widget_type=\"image.default\">\n\t\t\t\t<div class=\"elementor-widget-container\">\n\t\t\t\t\t\t\t\t\t\t\t\t\t\t\t<img decoding=\"async\" width=\"652\" height=\"435\" src=\"https:\/\/turismosantjoan.es\/wp-content\/uploads\/2023\/08\/San-Antoni-del-Porquet-1.jpg\" class=\"attachment-large size-large wp-image-4028\" alt=\"\" srcset=\"https:\/\/turismosantjoan.es\/wp-content\/uploads\/2023\/08\/San-Antoni-del-Porquet-1.jpg 652w, https:\/\/turismosantjoan.es\/wp-content\/uploads\/2023\/08\/San-Antoni-del-Porquet-1-300x200.jpg 300w\" sizes=\"(max-width: 652px) 100vw, 652px\" \/>\t\t\t\t\t\t\t\t\t\t\t\t\t\t\t<\/div>\n\t\t\t\t<\/div>\n\t\t\t\t<div class=\"elementor-element elementor-element-4bce284 elementor-widget elementor-widget-text-editor\" data-id=\"4bce284\" data-element_type=\"widget\" data-e-type=\"widget\" data-widget_type=\"text-editor.default\">\n\t\t\t\t<div class=\"elementor-widget-container\">\n\t\t\t\t\t\t\t\t\t<p>Correfocs pels \u201cDimonis abraxit\u201d i amb m\u00fasica de difrentes collas del poble<\/p>\t\t\t\t\t\t\t\t<\/div>\n\t\t\t\t<\/div>\n\t\t\t\t\t<\/div>\n\t\t<\/div>\n\t\t\t\t\t<\/div>\n\t\t<\/section>\n\t\t\t\t<\/div>\n\t\t","protected":false},"excerpt":{"rendered":"<p>Sant Antoni del Porquet \u00c9s una de les festes m\u00e9s celebrades a la Comunitat Valenciana. Sant Antoni va ser un sant del segle III conegut per la seua vida asc\u00e8tica en el desert d&#8217;Egipte, la vida del qual coneixem pel cronista Atanasio. La seua devoci\u00f3 va comen\u00e7ar a Orient per\u00f2 es va traslladar fins a [&hellip;]<\/p>\n","protected":false},"author":1,"featured_media":0,"parent":0,"menu_order":0,"comment_status":"closed","ping_status":"closed","template":"","meta":{"footnotes":""},"class_list":["post-7435","page","type-page","status-publish","hentry"],"_links":{"self":[{"href":"https:\/\/turismosantjoan.es\/ca\/wp-json\/wp\/v2\/pages\/7435","targetHints":{"allow":["GET"]}}],"collection":[{"href":"https:\/\/turismosantjoan.es\/ca\/wp-json\/wp\/v2\/pages"}],"about":[{"href":"https:\/\/turismosantjoan.es\/ca\/wp-json\/wp\/v2\/types\/page"}],"author":[{"embeddable":true,"href":"https:\/\/turismosantjoan.es\/ca\/wp-json\/wp\/v2\/users\/1"}],"replies":[{"embeddable":true,"href":"https:\/\/turismosantjoan.es\/ca\/wp-json\/wp\/v2\/comments?post=7435"}],"version-history":[{"count":0,"href":"https:\/\/turismosantjoan.es\/ca\/wp-json\/wp\/v2\/pages\/7435\/revisions"}],"wp:attachment":[{"href":"https:\/\/turismosantjoan.es\/ca\/wp-json\/wp\/v2\/media?parent=7435"}],"curies":[{"name":"wp","href":"https:\/\/api.w.org\/{rel}","templated":true}]}}

<div data-elementor-type="wp-page" data-elementor-id="7435" class="elementor elementor-7435 elementor-4019" data-elementor-post-type="page">
						<section class="elementor-section elementor-top-section elementor-element elementor-element-16c510ab elementor-section-boxed elementor-section-height-default elementor-section-height-default" data-id="16c510ab" data-element_type="section" data-e-type="section" data-settings="{&quot;shape_divider_top&quot;:&quot;mountains&quot;,&quot;background_background&quot;:&quot;classic&quot;}">
					<div class="elementor-shape elementor-shape-top" aria-hidden="true" data-negative="false">
			<svg xmlns="http://www.w3.org/2000/svg" viewBox="0 0 1000 100" preserveAspectRatio="none">
	<path class="elementor-shape-fill" opacity="0.33" d="M473,67.3c-203.9,88.3-263.1-34-320.3,0C66,119.1,0,59.7,0,59.7V0h1000v59.7 c0,0-62.1,26.1-94.9,29.3c-32.8,3.3-62.8-12.3-75.8-22.1C806,49.6,745.3,8.7,694.9,4.7S492.4,59,473,67.3z"/>
	<path class="elementor-shape-fill" opacity="0.66" d="M734,67.3c-45.5,0-77.2-23.2-129.1-39.1c-28.6-8.7-150.3-10.1-254,39.1 s-91.7-34.4-149.2,0C115.7,118.3,0,39.8,0,39.8V0h1000v36.5c0,0-28.2-18.5-92.1-18.5C810.2,18.1,775.7,67.3,734,67.3z"/>
	<path class="elementor-shape-fill" d="M766.1,28.9c-200-57.5-266,65.5-395.1,19.5C242,1.8,242,5.4,184.8,20.6C128,35.8,132.3,44.9,89.9,52.5C28.6,63.7,0,0,0,0 h1000c0,0-9.9,40.9-83.6,48.1S829.6,47,766.1,28.9z"/>
</svg>		</div>
					<div class="elementor-container elementor-column-gap-no">
					<div class="elementor-column elementor-col-100 elementor-top-column elementor-element elementor-element-7bfbc399" data-id="7bfbc399" data-element_type="column" data-e-type="column">
			<div class="elementor-widget-wrap elementor-element-populated">
						<div class="elementor-element elementor-element-78432d6e elementor-widget elementor-widget-heading" data-id="78432d6e" data-element_type="widget" data-e-type="widget" data-widget_type="heading.default">
				<div class="elementor-widget-container">
					<h1 class="elementor-heading-title elementor-size-xxl">Sant Antoni del Porquet</h1>				</div>
				</div>
					</div>
		</div>
					</div>
		</section>
				<section class="elementor-section elementor-top-section elementor-element elementor-element-eb1bb4b elementor-section-boxed elementor-section-height-default elementor-section-height-default" data-id="eb1bb4b" data-element_type="section" data-e-type="section">
						<div class="elementor-container elementor-column-gap-default">
					<div class="elementor-column elementor-col-100 elementor-top-column elementor-element elementor-element-6048f829" data-id="6048f829" data-element_type="column" data-e-type="column">
			<div class="elementor-widget-wrap elementor-element-populated">
						<div class="elementor-element elementor-element-62f433c3 elementor-widget elementor-widget-text-editor" data-id="62f433c3" data-element_type="widget" data-e-type="widget" data-widget_type="text-editor.default">
				<div class="elementor-widget-container">
									<p align="JUSTIFY">És una de les festes més celebrades a la Comunitat Valenciana. Sant Antoni va ser un sant del segle III conegut per la seua vida ascètica en el desert d&#8217;Egipte, la vida del qual coneixem pel cronista Atanasio. La seua devoció va començar a Orient però es va traslladar fins a Occident, sent invocat com a protector de les tasques agrícoles i dels animals perquè es compta, que els cuidava i aquests li obeïen, motiu pel qual se&#8217;l representa a més d&#8217;amb bàcul, vestimenta típica d&#8217;asceta i la creu de la Tau, amb un cerdito o senglar als seus peus. A Sant Antoni se&#8217;l va conéixer també pel seu poder guaridor contra malalties com l&#8217;erisipela, per a això es van construir nombrosos hospitals sota la seua advocació en tota Europa al llarg de l&#8217;Edat mitjana.</p><p align="JUSTIFY">A Sant Joan una dels carrers del barri antic, sorgida possiblement cap al segle XVIII va ser dedicada a Sant Antoni, sense que sapiem exactament el motiu, però això reflecteix una especial devoció per ell. A l&#8217;entrada del carrer va existir un arc, en el qual probablement hi hauria una fornícula amb la imatge de Sant Antoni. De fet fins als anys 90, es va poder apreciar una xicoteta imatge del sant en una fornícula d&#8217;una casa hui derrocada.</p>								</div>
				</div>
				<section class="elementor-section elementor-inner-section elementor-element elementor-element-5d8fbeb elementor-section-boxed elementor-section-height-default elementor-section-height-default" data-id="5d8fbeb" data-element_type="section" data-e-type="section">
						<div class="elementor-container elementor-column-gap-default">
					<div class="elementor-column elementor-col-50 elementor-inner-column elementor-element elementor-element-791de23" data-id="791de23" data-element_type="column" data-e-type="column">
			<div class="elementor-widget-wrap elementor-element-populated">
						<div class="elementor-element elementor-element-44d5db3 elementor-widget elementor-widget-image" data-id="44d5db3" data-element_type="widget" data-e-type="widget" data-widget_type="image.default">
				<div class="elementor-widget-container">
															<img fetchpriority="high" decoding="async" width="652" height="435" src="https://turismosantjoan.es/wp-content/uploads/2023/08/San-Antoni-del-Porquet-4.jpg" class="attachment-large size-large wp-image-4025" alt="" srcset="https://turismosantjoan.es/wp-content/uploads/2023/08/San-Antoni-del-Porquet-4.jpg 652w, https://turismosantjoan.es/wp-content/uploads/2023/08/San-Antoni-del-Porquet-4-300x200.jpg 300w" sizes="(max-width: 652px) 100vw, 652px" />															</div>
				</div>
					</div>
		</div>
				<div class="elementor-column elementor-col-50 elementor-inner-column elementor-element elementor-element-60bf854" data-id="60bf854" data-element_type="column" data-e-type="column">
			<div class="elementor-widget-wrap elementor-element-populated">
						<div class="elementor-element elementor-element-a776f9a elementor-widget elementor-widget-image" data-id="a776f9a" data-element_type="widget" data-e-type="widget" data-widget_type="image.default">
				<div class="elementor-widget-container">
															<img decoding="async" width="652" height="435" src="https://turismosantjoan.es/wp-content/uploads/2023/08/San-Antoni-del-Porquet-2.jpg" class="attachment-large size-large wp-image-4022" alt="" srcset="https://turismosantjoan.es/wp-content/uploads/2023/08/San-Antoni-del-Porquet-2.jpg 652w, https://turismosantjoan.es/wp-content/uploads/2023/08/San-Antoni-del-Porquet-2-300x200.jpg 300w" sizes="(max-width: 652px) 100vw, 652px" />															</div>
				</div>
					</div>
		</div>
					</div>
		</section>
				<div class="elementor-element elementor-element-8656993 elementor-widget elementor-widget-text-editor" data-id="8656993" data-element_type="widget" data-e-type="widget" data-widget_type="text-editor.default">
				<div class="elementor-widget-container">
									<p>Cercaviles amb animals en la festa Sant Antoni del Porquet (Sant Joan d&#8217;Alacant)</p>								</div>
				</div>
				<div class="elementor-element elementor-element-2db9609 elementor-widget elementor-widget-text-editor" data-id="2db9609" data-element_type="widget" data-e-type="widget" data-widget_type="text-editor.default">
				<div class="elementor-widget-container">
									<p>El major període d&#8217;auge i esplendor de la festa es va produir en el segle XIX, quan al carrer Sant Antoni se celebrava la festa amb carreres de cavalls, balls típics, focs artificials, menjar de germanor i processó al sant. No obstant això en els anys 20 del passat segle aquesta tradició, va desaparéixer.</p><p>Recentment ha sigut recuperada per iniciativa dels veïns del carrer Sant Antoni i l&#8217;associació cultural «Els Amuntegats» d&#8217;una manera senzilla i simpàtica. Durant tot el cap de setmana, se celebren activitats diverses, exposicions, trobada cultural, correfocs, pilota valenciana, música i balls tradicionals. Es realitza la benedicció d&#8217;animals a l&#8217;Església, el diumenge anterior o següent al 17 de gener, dia del sant. Tots els que ho desitgen poden acudir amb els seus animals i acabada la missa, són beneïts davant la mirada de la imatge de Sant Antoni.</p>								</div>
				</div>
				<div class="elementor-element elementor-element-33ce38e elementor-widget elementor-widget-image" data-id="33ce38e" data-element_type="widget" data-e-type="widget" data-widget_type="image.default">
				<div class="elementor-widget-container">
															<img decoding="async" width="652" height="435" src="https://turismosantjoan.es/wp-content/uploads/2023/08/San-Antoni-del-Porquet-1.jpg" class="attachment-large size-large wp-image-4028" alt="" srcset="https://turismosantjoan.es/wp-content/uploads/2023/08/San-Antoni-del-Porquet-1.jpg 652w, https://turismosantjoan.es/wp-content/uploads/2023/08/San-Antoni-del-Porquet-1-300x200.jpg 300w" sizes="(max-width: 652px) 100vw, 652px" />															</div>
				</div>
				<div class="elementor-element elementor-element-4bce284 elementor-widget elementor-widget-text-editor" data-id="4bce284" data-element_type="widget" data-e-type="widget" data-widget_type="text-editor.default">
				<div class="elementor-widget-container">
									<p>Correfocs pels “Dimonis abraxit” i amb música de difrentes collas del poble</p>								</div>
				</div>
					</div>
		</div>
					</div>
		</section>
				</div>

<p>Sant Antoni del Porquet És una de les festes més celebrades a la Comunitat Valenciana. Sant Antoni va ser un sant del segle III conegut per la seua vida ascètica en el desert d&#8217;Egipte, la vida del qual coneixem pel cronista Atanasio. La seua devoció va començar a Orient però es va traslladar fins a [&hellip;]</p>
